{"id":41,"date":"2017-07-27T17:39:37","date_gmt":"2017-07-27T17:39:37","guid":{"rendered":"http:\/\/sandboxwarriors.de\/?page_id=41"},"modified":"2020-08-23T15:36:26","modified_gmt":"2020-08-23T15:36:26","slug":"neujahrslauf","status":"publish","type":"page","link":"https:\/\/sandboxwarriors.de\/?page_id=41","title":{"rendered":"Neujahrslauf"},"content":{"rendered":"<p>&nbsp;<\/p>\n<p style=\"text-align: left;\">Wer seinen guten Vors\u00e4tzen treu bleiben und das Jahr in famili\u00e4rer Atmosph\u00e4re sportlich beginnen will, ist beim Neujahrslauf Ludwigshafen genau richtig. Der erste Lauf der Saison in der Region wird immer beliebter, die begrenzten Startpl\u00e4tze sind hei\u00df begehrt.<\/p>\n<p style=\"text-align: left;\">Die 6,3 Kilometer lange Strecke des Hauptlaufs f\u00fchrt auf flachen, befestigten Wegen durchs Naturschutzgebiet Maudacher Bruch und rund um den J\u00e4gerweiher. Die Walker und Nordic Walker absolvieren dieselbe Strecke. Nach rund drei Kilometern ist eine Wasserstelle eingerichtet und im Ziel gibt es warmen Tee und Bananen. Entlang der Strecke befinden sich in entsprechenden Abst\u00e4nden Kilometer-Schilder, Streckenposten weisen den Teilnehmern an un\u00fcbersichtlichen Stellen den Weg.<\/p>\n<p style=\"text-align: left;\">Der KidzRun f\u00fcr den L\u00e4ufernachwuchs bis 11 Jahre geht \u00fcber 800 Meter. Hier steht der Spa\u00df im Vordergrund: Eine elektronische Zeitmessung gibt es zwar, aber keine weitere Einteilung in Altersklassen. F\u00fcr L\u00e4ufer ab 12 Jahren gibt es einen gesonderten Jugendlauf \u00fcber eine l\u00e4ngere Strecke.<\/p>\n<p style=\"text-align: left;\"><a href=\"http:\/\/www.neujahrslauf-ludwigshafen.de\" target=\"_blank\" rel=\"noopener noreferrer\">Weitere Informationen \u00fcber den Neujahrslauf finden Sie hier.<\/a><\/p>\n","protected":false},"excerpt":{"rendered":"<p>&nbsp; Wer seinen guten Vors\u00e4tzen treu bleiben und das Jahr in famili\u00e4rer Atmosph\u00e4re sportlich beginnen will, ist beim Neujahrslauf Ludwigshafen genau richtig. Der erste Lauf der Saison in der Region wird immer beliebter, die begrenzten Startpl\u00e4tze sind hei\u00df begehrt. Die 6,3 Kilometer lange Strecke des Hauptlaufs f\u00fchrt auf flachen, befestigten Wegen durchs Naturschutzgebiet Maudacher Bruch und rund um den J\u00e4gerweiher. Die Walker und Nordic Walker absolvieren dieselbe Strecke. Nach rund drei Kilometern ist eine Wasserstelle eingerichtet und im Ziel gibt es warmen Tee und Bananen. Entlang der Strecke befinden sich in entsprechenden Abst\u00e4nden Kilometer-Schilder, Streckenposten weisen den Teilnehmern an un\u00fcbersichtlichen Stellen den Weg. Der KidzRun f\u00fcr den L\u00e4ufernachwuchs bis 11 Jahre geht \u00fcber 800 Meter. Hier steht der Spa\u00df im Vordergrund: Eine elektronische Zeitmessung gibt es zwar, aber keine weitere Einteilung in Altersklassen. F\u00fcr L\u00e4ufer ab 12 Jahren gibt es einen gesonderten Jugendlauf \u00fcber eine l\u00e4ngere Strecke. Weitere Informationen \u00fcber den Neujahrslauf finden Sie hier.<\/p>\n","protected":false},"author":1,"featured_media":0,"parent":0,"menu_order":4,"comment_status":"closed","ping_status":"closed","template":"","meta":[],"yoast_head":"<!-- This site is optimized with the Yoast SEO plugin v18.9 - https:\/\/yoast.com\/wordpress\/plugins\/seo\/ -->\n<title>Neujahrslauf - SANDBOX WARRIORS e.V.<\/title>\n<meta name=\"robots\" content=\"index, follow, max-snippet:-1, max-image-preview:large, max-video-preview:-1\" \/>\n<link rel=\"canonical\" href=\"https:\/\/sandboxwarriors.de\/?page_id=41\" \/>\n<meta property=\"og:locale\" content=\"de_DE\" \/>\n<meta property=\"og:type\" content=\"article\" \/>\n<meta property=\"og:title\" content=\"Neujahrslauf - SANDBOX WARRIORS e.V.\" \/>\n<meta property=\"og:description\" content=\"&nbsp; Wer seinen guten Vors\u00e4tzen treu bleiben und das Jahr in famili\u00e4rer Atmosph\u00e4re sportlich beginnen will, ist beim Neujahrslauf Ludwigshafen genau richtig. Der erste Lauf der Saison in der Region wird immer beliebter, die begrenzten Startpl\u00e4tze sind hei\u00df begehrt. Die 6,3 Kilometer lange Strecke des Hauptlaufs f\u00fchrt auf flachen, befestigten Wegen durchs Naturschutzgebiet Maudacher Bruch und rund um den J\u00e4gerweiher. Die Walker und Nordic Walker absolvieren dieselbe Strecke. Nach rund drei Kilometern ist eine Wasserstelle eingerichtet und im Ziel gibt es warmen Tee und Bananen. Entlang der Strecke befinden sich in entsprechenden Abst\u00e4nden Kilometer-Schilder, Streckenposten weisen den Teilnehmern an un\u00fcbersichtlichen Stellen den Weg. Der KidzRun f\u00fcr den L\u00e4ufernachwuchs bis 11 Jahre geht \u00fcber 800 Meter. Hier steht der Spa\u00df im Vordergrund: Eine elektronische Zeitmessung gibt es zwar, aber keine weitere Einteilung in Altersklassen. F\u00fcr L\u00e4ufer ab 12 Jahren gibt es einen gesonderten Jugendlauf \u00fcber eine l\u00e4ngere Strecke. Weitere Informationen \u00fcber den Neujahrslauf finden Sie hier.\" \/>\n<meta property=\"og:url\" content=\"https:\/\/sandboxwarriors.de\/?page_id=41\" \/>\n<meta property=\"og:site_name\" content=\"SANDBOX WARRIORS e.V.\" \/>\n<meta property=\"article:modified_time\" content=\"2020-08-23T15:36:26+00:00\" \/>\n<meta name=\"twitter:card\" content=\"summary_large_image\" \/>\n<meta name=\"twitter:label1\" content=\"Gesch\u00e4tzte Lesezeit\" \/>\n\t<meta name=\"twitter:data1\" content=\"1\u00a0Minute\" \/>\n<script type=\"application\/ld+json\" class=\"yoast-schema-graph\">{\"@context\":\"https:\/\/schema.org\",\"@graph\":[{\"@type\":\"WebSite\",\"@id\":\"https:\/\/sandboxwarriors.de\/#website\",\"url\":\"https:\/\/sandboxwarriors.de\/\",\"name\":\"SANDBOX WARRIORS e.V.\",\"description\":\"Laufen und Triathlon in der Metropolregion Rhein-Neckar\",\"potentialAction\":[{\"@type\":\"SearchAction\",\"target\":{\"@type\":\"EntryPoint\",\"urlTemplate\":\"https:\/\/sandboxwarriors.de\/?s={search_term_string}\"},\"query-input\":\"required name=search_term_string\"}],\"inLanguage\":\"de\"},{\"@type\":\"WebPage\",\"@id\":\"https:\/\/sandboxwarriors.de\/?page_id=41#webpage\",\"url\":\"https:\/\/sandboxwarriors.de\/?page_id=41\",\"name\":\"Neujahrslauf - SANDBOX WARRIORS e.V.\",\"isPartOf\":{\"@id\":\"https:\/\/sandboxwarriors.de\/#website\"},\"datePublished\":\"2017-07-27T17:39:37+00:00\",\"dateModified\":\"2020-08-23T15:36:26+00:00\",\"breadcrumb\":{\"@id\":\"https:\/\/sandboxwarriors.de\/?page_id=41#breadcrumb\"},\"inLanguage\":\"de\",\"potentialAction\":[{\"@type\":\"ReadAction\",\"target\":[\"https:\/\/sandboxwarriors.de\/?page_id=41\"]}]},{\"@type\":\"BreadcrumbList\",\"@id\":\"https:\/\/sandboxwarriors.de\/?page_id=41#breadcrumb\",\"itemListElement\":[{\"@type\":\"ListItem\",\"position\":1,\"name\":\"Startseite\",\"item\":\"https:\/\/sandboxwarriors.de\/\"},{\"@type\":\"ListItem\",\"position\":2,\"name\":\"Neujahrslauf\"}]}]}<\/script>\n<!-- \/ Yoast SEO plugin. -->","yoast_head_json":{"title":"Neujahrslauf - SANDBOX WARRIORS e.V.","robots":{"index":"index","follow":"follow","max-snippet":"max-snippet:-1","max-image-preview":"max-image-preview:large","max-video-preview":"max-video-preview:-1"},"canonical":"https:\/\/sandboxwarriors.de\/?page_id=41","og_locale":"de_DE","og_type":"article","og_title":"Neujahrslauf - SANDBOX WARRIORS e.V.","og_description":"&nbsp; Wer seinen guten Vors\u00e4tzen treu bleiben und das Jahr in famili\u00e4rer Atmosph\u00e4re sportlich beginnen will, ist beim Neujahrslauf Ludwigshafen genau richtig. Der erste Lauf der Saison in der Region wird immer beliebter, die begrenzten Startpl\u00e4tze sind hei\u00df begehrt. Die 6,3 Kilometer lange Strecke des Hauptlaufs f\u00fchrt auf flachen, befestigten Wegen durchs Naturschutzgebiet Maudacher Bruch und rund um den J\u00e4gerweiher. Die Walker und Nordic Walker absolvieren dieselbe Strecke. Nach rund drei Kilometern ist eine Wasserstelle eingerichtet und im Ziel gibt es warmen Tee und Bananen. Entlang der Strecke befinden sich in entsprechenden Abst\u00e4nden Kilometer-Schilder, Streckenposten weisen den Teilnehmern an un\u00fcbersichtlichen Stellen den Weg. Der KidzRun f\u00fcr den L\u00e4ufernachwuchs bis 11 Jahre geht \u00fcber 800 Meter. Hier steht der Spa\u00df im Vordergrund: Eine elektronische Zeitmessung gibt es zwar, aber keine weitere Einteilung in Altersklassen. F\u00fcr L\u00e4ufer ab 12 Jahren gibt es einen gesonderten Jugendlauf \u00fcber eine l\u00e4ngere Strecke. Weitere Informationen \u00fcber den Neujahrslauf finden Sie hier.","og_url":"https:\/\/sandboxwarriors.de\/?page_id=41","og_site_name":"SANDBOX WARRIORS e.V.","article_modified_time":"2020-08-23T15:36:26+00:00","twitter_card":"summary_large_image","twitter_misc":{"Gesch\u00e4tzte Lesezeit":"1\u00a0Minute"},"schema":{"@context":"https:\/\/schema.org","@graph":[{"@type":"WebSite","@id":"https:\/\/sandboxwarriors.de\/#website","url":"https:\/\/sandboxwarriors.de\/","name":"SANDBOX WARRIORS e.V.","description":"Laufen und Triathlon in der Metropolregion Rhein-Neckar","potentialAction":[{"@type":"SearchAction","target":{"@type":"EntryPoint","urlTemplate":"https:\/\/sandboxwarriors.de\/?s={search_term_string}"},"query-input":"required name=search_term_string"}],"inLanguage":"de"},{"@type":"WebPage","@id":"https:\/\/sandboxwarriors.de\/?page_id=41#webpage","url":"https:\/\/sandboxwarriors.de\/?page_id=41","name":"Neujahrslauf - SANDBOX WARRIORS e.V.","isPartOf":{"@id":"https:\/\/sandboxwarriors.de\/#website"},"datePublished":"2017-07-27T17:39:37+00:00","dateModified":"2020-08-23T15:36:26+00:00","breadcrumb":{"@id":"https:\/\/sandboxwarriors.de\/?page_id=41#breadcrumb"},"inLanguage":"de","potentialAction":[{"@type":"ReadAction","target":["https:\/\/sandboxwarriors.de\/?page_id=41"]}]},{"@type":"BreadcrumbList","@id":"https:\/\/sandboxwarriors.de\/?page_id=41#breadcrumb","itemListElement":[{"@type":"ListItem","position":1,"name":"Startseite","item":"https:\/\/sandboxwarriors.de\/"},{"@type":"ListItem","position":2,"name":"Neujahrslauf"}]}]}},"_links":{"self":[{"href":"https:\/\/sandboxwarriors.de\/index.php?rest_route=\/wp\/v2\/pages\/41"}],"collection":[{"href":"https:\/\/sandboxwarriors.de\/index.php?rest_route=\/wp\/v2\/pages"}],"about":[{"href":"https:\/\/sandboxwarriors.de\/index.php?rest_route=\/wp\/v2\/types\/page"}],"author":[{"embeddable":true,"href":"https:\/\/sandboxwarriors.de\/index.php?rest_route=\/wp\/v2\/users\/1"}],"replies":[{"embeddable":true,"href":"https:\/\/sandboxwarriors.de\/index.php?rest_route=%2Fwp%2Fv2%2Fcomments&post=41"}],"version-history":[{"count":14,"href":"https:\/\/sandboxwarriors.de\/index.php?rest_route=\/wp\/v2\/pages\/41\/revisions"}],"predecessor-version":[{"id":1108,"href":"https:\/\/sandboxwarriors.de\/index.php?rest_route=\/wp\/v2\/pages\/41\/revisions\/1108"}],"wp:attachment":[{"href":"https:\/\/sandboxwarriors.de\/index.php?rest_route=%2Fwp%2Fv2%2Fmedia&parent=41"}],"curies":[{"name":"wp","href":"https:\/\/api.w.org\/{rel}","templated":true}]}}